 the prime factors of q?
2, 131
Let s = 8210 + 54414. What are the prime factors of s?
2, 19, 103
Let w(i) = 148*i + 111. What are the prime factors of w(32)?
37, 131
Suppose -2890 + 49736 = 2*h - 2*z, -5*h + z + 117103 = 0. What are the prime factors of h?
2, 5, 1171
Let c be (-24960)/(-91) - (-2)/(-7)*1. Suppose -2*z - 18 = i - c, -268 = -i + 4*z. Suppose i = 9*a - 829. List the prime factors of a.
11
What are the prime factors of 8/((-4)/(-20) + 0)*31152/165?
2, 59
Let n(h) = 27*h**3 + 3*h**2 + 52*h - 142. What are the prime factors of n(11)?
2, 5, 3673
Let p(s) = -s**3 - 3*s**2 - 5*s + 12. Let k be p(-9). Suppose k = 43*n - 40*n. List the prime factors of n.
181
Let v be (1018 - (5 - 3))/((-3)/(-9)). Suppose 2*g - v = -g. What are the prime factors of g?
2, 127
Let d = 40 - 52. Let m = -3 - d. Suppose -5*w = 4*c - 6 - m, 0 = 5*c + 5*w - 25. List the prime factors of c.
2, 5
Suppose -2*c + 0*c + 3*i = 9605, c + 4798 = 3*i. Let o = c + 6800. What are the prime factors of o?
1993
Let g = 3047 + 20798. List the prime factors of g.
5, 19, 251
Suppose -4*i + 0*q - 2*q = -7202, -4*i + 4*q + 7232 = 0. Suppose -2*d - 3*p - 529 = -1724, 3*d = -p + i. What are the prime factors of d?
2, 7, 43
Suppose -148*i + 151*i + 2*g - 35757 = 0, 4*i = -g + 47666. What are the prime factors of i?
5, 2383
Let u = -27 - -36. Suppose u*h - 2*h - 4018 = 0. What are the prime factors of h?
2, 7, 41
Suppose 8*i = 5*w + 13*i - 26315, 5*i + 5293 = w. What are the prime factors of w?
2, 3, 439
Suppose 29860 + 335379 = 5*h - c, 4*c = -2*h + 146122. List the prime factors of h.
17, 4297
Let l(c) = -c**3 + 8*c**2 + 8*c - 3. Let s be l(9). List the prime factors of (692/s)/(-1) - (-1)/3.
2, 29
Suppose a = -3*a + 3292. Let r be 2/11 - a/(-11). Let b = r + -27. List the prime factors of b.
2, 3
Suppose 33 = 5*f + y, -13*f = -8*f - 2*y - 39. What are the prime factors of ((-168)/(-32) - f)/((-1)/280)?
2, 5, 7
Suppose -7*l = -10 + 38. Let i = 45 - l. What are the prime factors of (-4)/8*-4*i/2?
7
Let u(s) = -s**2 - 4*s + 2. Let t be u(-5). Let z = -12226 - -12220. What are the prime factors of -291*(t - 14/z)?
2, 97
Let i(l) = l**3 - 16*l**2 - 19*l + 24. Let c be i(17). Let h = c - -13. Suppose 0 = -h*v - 4*d + 367, -3*v = -0*d - 4*d - 383. List the prime factors of v.
5
Let i be (-2)/4 + (21/2)/(-7). Let h(s) = 21*s. Let u be h(i). Let g = 71 + u. What are the prime factors of g?
29
Let r(l) = l**3 + l**2 - 82*l - 42. List the prime factors of r(-9).
2, 3
Suppose -56 - 30 = 2*k + 2*a, 2*a - 166 = 4*k. Let f = 45 + k. Let d(i) = 2*i**3 - 3*i + 1. List the prime factors of d(f).
2, 23
What are the prime factors of 28 + (-1519)/62 - 4/(16/(-155586))?
2, 5, 389
Let d(k) = -7 + 141*k + 3*k**2 + 2 - 151*k. What are the prime factors of d(8)?
107
Suppose 74*n - 1023083 = 12*n + 778389. List the prime factors of n.
2, 227
Let k = -59 + 61. Let d be k - ((-6)/(-4))/(9/(-1860)). Suppose 3*s + d = 771. What are the prime factors of s?
3, 17
Let j = 11 + -3. Suppose -12 = -j*y + 2*y. List the prime factors of ((-1)/(5/(-85)))/(y/16).
2, 17
Let q = -28 + 374. Suppose -z - 11*k + 13*k = -112, 3*z - q = -4*k. List the prime factors of z.
2, 3, 19
Suppose -21 + 1 = -2*q. Suppose -4*g + q = 2. Suppose -6*i - 12 = -2*i, 2*r = -g*i + 214. List the prime factors of r.
2, 5, 11
Suppose 10*y - 33400 = 36420. List the prime factors of y/8 + 6 - (-9)/(-12).
2, 439
Let i(c) = -1197*c + 5. Let q be i(-6). Suppose -9*u - 230 = -q. List the prime factors of u.
773
Suppose 0 = -4*a + c - 69, 0*c + 48 = -3*a - 3*c. Let j be 2916/68 - 8/(-68). Let w = j + a. List the prime factors of w.
2, 13
Suppose 4*m - 4*m + 12792 = 3*q - 3*m, 0 = -3*m. List the prime factors of q.
2, 13, 41
Suppose -3479*j = -3472*j - 1603. What are the prime factors of j?
229
What are the prime factors of (2276046/72*8/6)/1?
113, 373
Suppose -5*w - h + 13046 = -3815, 0 = -2*w - 2*h + 6754. List the prime factors of w.
3371
Let d(t) = t + 35. Let l be d(-12). Let b = 23 - l. Suppose a + 0*a - 2*r = 95, -5*a - 5*r + 445 = b. List the prime factors of a.
7, 13
Suppose 5*z - 54 = j, 0 = 4*j - 2*z - 31 + 211. What are the prime factors of 1*3 + (j - -530)?
3, 163
Suppose -11*x + 3*w = -15*x + 91651, -2*x - 5*w + 45829 = 0. List the prime factors of x.
2, 179
Suppose b - 6 = 4*t - 3*t, 4*t - 3*b = -21. What are the prime factors of 1*(t + (-6)/(-2)) - -405?
3, 5
What are the prime factors of (-10)/(-25)*20 + 6894?
2, 7, 17, 29
Let u(d) = -62 - 69 + 4*d + d**3 + 5*d**2 + 122. Let f be u(4). Let i = 308 - f. List the prime factors of i.
157
Let r be (4464/(-15))/((-7)/(-35)). Let w = -772 - r. List the prime factors of w.
2, 179
What are the prime factors of ((-472)/(-1))/((-26)/(-195)*(-15)/(-36))?
2, 3, 59
Suppose 12*p - p = 22. Let j be -2 - -6 - 1/(p/8). Suppose 2*u = -5*d - 0*u + 693, j = -d - 4*u + 153. List the prime factors of d.
137
Let g(u) = -5*u**2 + 20*u + 11. Let r(c) = 14*c**2 - 60*c - 32. Let s(j) = -11*g(j) - 4*r(j). Let z be s(16). What are the prime factors of (-3)/((-3)/z) + 0?
71
Let t(s) be the second derivative of -2*s**2 - 19/6*s**3 + 43*s + 0. List the prime factors of t(-6).
2, 5, 11
Let i(y) = 34*y - 2. Let x be i(12). Let g be (-3 + 0)/((-42)/x). Suppose -3*u = 6, l - g = 3*u + 6. What are the prime factors of l?
29
List the prime factors of 146844/10*(-7040)/(-6336).
2, 4079
Let k = 1089 + -337. Let o = -625 + k. List the prime factors of o.
127
Let z(h) = 21*h - 90. Let j be z(5). List the prime factors of 97 - j/5 - -2.
2, 3
Let s be (9060/(-50))/(-2) + (-2)/(-5). Suppose 118767 = -32*w + s*w. What are the prime factors of w?
3, 11, 61
Let c(l) = 20*l**2 + 11*l - 63. Let m be c(-19). Suppose 4*j + 1709 - m = 3*p, -4*j + 5241 = -5*p. What are the prime factors of j?
7, 11, 17
Let k be 0 + (-124)/6 - (-26)/39. Let q be (k/(-5))/(-1) - -12. Suppose -348 = q*o - 12*o. List the prime factors of o.
3, 29
Suppose -41*r + 21*r - 13280 = 0. Let l = 989 + r. List the prime factors of l.
5, 13
Suppose 548 = -2*z - 2*i, 18*i - 19*i - 2 = 0. Let v = -202 - z. What are the prime factors of v?
2, 5, 7
Let g = -16 + 26. Suppose 0 = -g*a + 6*a + 572. Let c = a - 55. What are the prime factors of c?
2, 11
Suppose 643070 + 518298 = 96*a - 743368. What are the prime factors of a?
19841
Let b(i) = 3*i - 26. Let f(q) = 4*q - 23. Let h(k) = 4*b(k) - 5*f(k). Let r = 20 + -35. What are the prime factors of h(r)?
131
Let t(k) = k**2 - 23*k - 72. Let v be t(25). Let z(g) = 2*g**2 + 7*g - 75. What are the prime factors of z(v)?
739
Let c(b) = 14*b**3 + b**2 - b - 10. Let l be c(3). Let u = 737 - l. List the prime factors of u.
3, 11
Let p = -341 + 358. Suppose 2500 = 22*i - p*i. List the prime factors of i.
2, 5
Let z = -6507 + 19629. What are the prime factors of z?
2, 3
Let v = 439 - 535. Let q(d) = d**3 - 4*d**2 + 6*d. Let b be q(7). Let i = v + b. What are the prime factors of i?
3, 31
Suppose 54*n = -45*n + 6422 + 1020307. List the prime factors of n.
3, 3457
Let t(y) = 3*y + 4 - 4*y - 10*y**2 + 11*y**2. Let j be t(0). Suppose 4 = -0*n - j*n, 5*n = 3*m - 188. List the prime factors of m.
61
Let h(f) = 10*f**2 - 43*f + 297. List the prime factors of h(6).
3, 7, 19
Let z = 1027 + -698. List the prime factors of z.
7, 47
Suppose 3*x - 68*y + 67*y = 27370, 4*x = 6*y + 36470. What are the prime factors of x?
5, 73
Let x(l) = -5*l + 19. Let b be x(3). Let p be -3*(-678)/9 - b/(-4). List the prime factors of (7/(-7))/((-1)/p).
227
Let o be 6/21 + 66/14. Suppose 12 = -2*i + a + 3*a, -2*i - o*a = 30. What are the prime factors of 22944/240 - ((-8)/i)/(-2)?
2, 3
Suppose -6*y = -2*a - 5*y + 24406, -2*y = 5*a - 61024. What are the prime factors of a?
2, 3, 113
Let y(j) = 14*j - 291. Let l be y(21). Suppose 1 = -z + 4. Suppose -z*g = 2*n - 2*g - 54, 0 = 4*n + l*g - 104. List the prime factors of n.
29
Let r(k) = -9*k**2 - 1304*k - 200. What are the prime factors of r(-120)?
2, 5, 23, 29
Suppose 13*i + 2*i - 24427 - 30518 = 0. What are the prime factors of i?
3, 11, 37
What are the prime factors of (-15)/(-270)*18*(1 + 22432)?
22433
Suppose -14*f + 99 = -11*f. List the prime factors of f - (0 - 4)*-1.
29
Suppose -2*j + 1070 = -0*a + 5*a, -2*j - 3*a + 1074 = 0. Suppose 18*f - 954 - j = 0. Suppose -5*o - 3*v + f = -262, -67 = -o - v. List the prim